.
-6
Let n(k) = -62 - 73 + 138 - k. Calculate n(3).
0
Let h(d) = -2*d - 16. Suppose -2*t - 2 - 4 = 2*q, 5*q = 3*t + 25. Suppose 0 = -3*b + q*b - 8. Let y be h(b). Let k(j) = -j**3 - j**2 - j - 6. What is k(y)?
-6
Let h = -204 + 208. Let q(j) be the second derivative of 0 + 1/2*j**3 + h*j + 1/2*j**2. Give q(-4).
-11
Let z(b) be the first derivative of -b**4/4 + 4*b**3/3 - b**2 - b + 1. Suppose -9 = 1656*t - 1659*t. Calculate z(t).
2
Let w(v) = -v + 4 - 6 + 9. Let z be ((-63)/(-12) - -1) + 2/(-8). What is w(z)?
1
Let m(p) = -13*p**2 + 1. Let w be (((-2)/(-11))/(-1))/(12/(-66)). Calculate m(w).
-12
Let p = 40 + -24. Suppose -3*v - k + 34 = 4*k, 2*v = -2*k + p. Suppose -2*y = 4*d + 10, d = v*d + 4. Let w(j) = -j**2 + j + 1. Give w(y).
-1
Suppose 63 - 28 = -7*i. Let c(a) = 3*a + 18. Let r(j) = -1. Let t(s) = -14*s**3 + s**2 - s - 1. Let m be t(-1). Let n(y) = m*r(y) + c(y). Determine n(i).
-12
Let h = -39 + 22. Let l = h - -9. Let v(r) = -10 - 6 + 4 - 2*r. Determine v(l).
4
Suppose v - 2*i = 2 + 4, -i = 4*v + 12. Let b(s) be the third derivative of s**5/20 + s**4/8 + s**3/6 - 2*s**2. Calculate b(v).
7
Let y(w) = -1 + 3*w - 1 + 2 + 1. Let h be (0 + 10)*2/5. Suppose 12 = 3*p, h*v - 4*p = p - 28. Give y(v).
-5
Let h(u) be the first derivative of u**2/2 - 3*u - 51. Determine h(-10).
-13
Let m(n) = n**3 - 7*n**2 + 5*n - 6. Let d(o) = -6*o + 11. Let g be d(3). Let l be 8 + 0 + (-9 - g). Calculate m(l).
-12
Suppose -3*b - 14 = -4*d, 3*b - 8 = -d + 3. Suppose 1 = -4*p + d. Let l(i) = -4 + 4 - i**2 + p + 3*i. Calculate l(2).
3
Let t = 20 - 29. Let r(h) = -h**3 - 10*h**2 - 9*h + 4. Let c be r(t). Let z(q) = q**2 - 3*q + 2. Give z(c).
6
Suppose 0*w - 3*w = 18. Let x(y) be the second derivative of y**5/20 + 5*y**4/12 - 7*y**3/6 - y**2 + 9*y. Let m be x(w). Let o(r) = r - 4. Give o(m).
0
Let f = -37 - -10. Let k = -5 - f. Let i(a) = -a**2 - 22*a + k*a. What is i(-2)?
-4
Let g(l) be the second derivative of -l**3/6 - 5*l**2/2 - l + 9. Calculate g(-4).
-1
Suppose -2*n - 14 = 12. Let f = 14 + n. Let j(x) be the first derivative of -x**2 - x + 2. Determine j(f).
-3
Let q be (-6)/10 - 0 - 572/130. Let v(a) = a**3 + 5*a**2 - 3*a - 7. What is v(q)?
8
Let j(b) = -3*b - 11. Let t(u) = u**3 - 17*u**2 + 16*u + 10. Let i be t(16). What is j(i)?
-41
Suppose -5*v - 11 = -4*r - 6, r + 10 = -v. Let w(c) = -c**2 - 6*c - 1. What is w(v)?
4
Let u be 8/(-16)*-1*2. Let l(g) = 6*g**2 - 5*g + 5. Let a(x) = -5*x**2 + 4*x - 4. Let j(w) = -5*a(w) - 4*l(w). Give j(u).
1
Suppose 5 + 20 = 5*v. Suppose -v = g - 0. Let r(k) = -3*k - 8. Let n be r(g). Let z(h) = -h**3 + 8*h**2 - 7*h + 4. Give z(n).
4
Let s = 46 - 28. Suppose s - 22 = -y. Let i(q) = q**2 - 4*q + 5. Calculate i(y).
5
Let c(r) = -2*r**2 + 3*r + 3. Let a(s) = 0 - 3*s**2 + 4*s + 1 + 3 + 0. Let m(p) = 3*a(p) - 4*c(p). Let y be (-25)/10*(-16)/20. Give m(y).
-4
Let x(r) = 1. Let i(q) = 2*q**2 + 6*q + 6. Suppose 4*a + 37 = 13. Let t(p) = a*x(p) + i(p). Give t(-4).
8
Let j be (-6)/(-9) - 12/(-9). Let r(p) be the first derivative of 3*p**2/2 + 2*p + 163. Calculate r(j).
8
Let o(u) = 20*u**2 + 113 - 14*u**2 - 118 - u**3 - u. Determine o(5).
15
Let t(n) = -27328*n - 27330*n + 54656*n - 28. Give t(-12).
-4
Let n(g) be the second derivative of g**3/3 - g**2/2 - 2*g. Suppose -4*j = -8, 19*j - 24*j + 13 = -t. Give n(t).
-7
Let j(i) = -5*i + 1. Let h(k) = k - 1. Let l(f) = 3*h(f) + j(f). Let y be (36/(-60))/(2/10). Calculate l(y).
4
Let p(z) = z + 5. Let f be p(-2). Let b be 3/(f/1)*0. Let n(a) = a**2 - a - 1. Determine n(b).
-1
Suppose 2*g - 10 = -0*g. Let x be -4 + (1 + g - -2). Let z(m) = -x + 12*m**2 - m + 3 + 1. Give z(-1).
13
Let k(a) = 3*a + 2. Let z(j) = -j**2 - 6*j + 2. Let i be z(-5). Suppose 0 = -4*p - 3*l - 7, i*l - 2*l - 27 = 3*p. Determine k(p).
-10
Let g(k) be the third derivative of -5/2*k**3 + 0 - 46*k**2 - 1/12*k**4 + 0*k. Calculate g(-10).
5
Suppose 0 = -5*a + 4*a. Let z(c) be the third derivative of c**6/120 - c**4/24 - 7*c**3/3 - 2*c**2 + 37. Determine z(a).
-14
Let b(l) = 2*l**2 - 6*l + 4. Let k(i) = 3*i**2 + 1 + 3 + 2 - 11*i + 2. Let f(n) = -5*b(n) + 3*k(n). Let v(u) be the first derivative of f(u). Give v(-2).
1
Suppose -4*u = 5*m, m - 5*m + u = -21. Let l(b) be the second derivative of b**6/360 - b**4/6 + 3*b. Let j(c) be the third derivative of l(c). Determine j(m).
8
Suppose -42 = 19*n + 53. Let j(q) = q**2 + 8*q + 16. What is j(n)?
1
Let f(x) = -12*x**3 - x**2 + x. Let l be (2 + 20/(-15))*3. Let y = 3 - l. Determine f(y).
-12
Let i(b) = 6 - 3*b - 15 - 11 - 1. Suppose 0*a + 5*a = -45. Let k be i(a). Let g(p) = -2*p + 7. Determine g(k).
-5
Let t(w) = 7*w**3 + 22*w**2 + 3*w - 5. Let n be t(-3). Let p(c) = -c**2 - 9*c - 14. What is p(n)?
6
Let k(b) = 2*b**2 + 5*b. Suppose 0 = -5*n - 65 + 45. Calculate k(n).
12
Let t(w) = 4*w + 3. Let g(m) = 1. Let d(j) = 2*g(j) - t(j). Let v(o) = o**3 + o**2 - o. Let i = 40 + -41. Let c be v(i). Calculate d(c).
-5
Let i be 165/42 + 6/84. Let d(u) = u**2 - 5*u - 1. Give d(i).
-5
Suppose -3*r = 2*r. Let y(z) = z**3 + 0*z + r*z - 4*z**2 - 4 - 2*z + 5*z. Give y(3).
-4
Let p(j) = -12*j**3 + j**2 + j. Let d be (-14)/4*((-6 - -2) + 6). Let l be d/9 + (-87)/27 + 3. Give p(l).
12
Let d = -155 - -157. Suppose -4*a = 2*m - 26, -m + 3*m = a + 1. Let q(i) = i**m + 8 + 4*i - 7 + i + 6*i**d. Determine q(-5).
1
Let g(z) = z + 5. Let f(w) = 16*w - 36. Let d be f(4). Let i = d - 28. What is g(i)?
5
Let g(h) = -8*h + 1. Let i(y) = 8*y. Let k(x) = 2*g(x) + 3*i(x). Let z(s) = 4*s + 16. Let w be z(-7). Let f be (w/(-9))/((-4)/6). Determine k(f).
-14
Let q(v) = -v**3 - 17*v**2 - 16*v. Suppose -5*m - 48 = -2*m. Let y be q(m). Let d(s) be the second derivative of -s**4/12 + s**3/6 - 3*s**2 + s. What is d(y)?
-6
Suppose 8*f = 4*f + 20. Suppose f*o + 10 = -5*o. Let d(u) = -10*u**3 + u**2 - 1. Give d(o).
10
Let c be ((-2)/(-2) - -3)/((-21)/(-42)). Let k(q) = q**3 - 8*q**2 - 4*q - 8. Determine k(c).
-40
Let d(w) = w**3 - 10*w**2 - 10*w + 13. Let b be d(11). Suppose 3*j + b = 4*p, 0 = 5*p + 5*j + 4 + 1. Let t(k) = p*k - 2*k**2 + 13 - 13. What is t(2)?
-2
Let c(b) = b**3 - 5*b**2 - 8*b + 9. Let y(i) = -i**2 - 8*i - 11. Let x(m) = -4*m**2 - 33*m - 44. Let w(j) = 2*x(j) - 9*y(j). Let s be w(-5). Give c(s).
-3
Let f be (4/(-12))/(((-10)/135)/2). Let o(w) = -w**3 + 10*w**2 - 8*w - 10. Calculate o(f).
-1
Let w be 52/10 + (-156)/(-195). Let t(b) = -b**3 + 11*b**2 - b + 3. Let o(v) = -v**3 + 12*v**2 - v + 2. Let g(p) = 5*o(p) - 6*t(p). Give g(w).
-2
Let y(u) = -7*u - 4. Let w(b) = 0*b - 4*b - 7 + 5. Let l(n) = -5*w(n) + 3*y(n). Calculate l(-4).
2
Let o(a) be the second derivative of -a**5/20 - a**4/12 + a**3/6 + a**2 - 2*a. Let z be (-6 - -12) + (10 - 18). Give o(z).
4
Let o(i) = 9*i**2 + 3*i + 1. Let b(h) = -7*h**2 - 4*h - 2. Let k(x) = -4*b(x) - 3*o(x). Let m be 3 - 18/(0 - -2). What is k(m)?
-1
Let n(b) = -4*b + 1. Let d be n(-8). Suppose -d = -g + 2*o - 13, -2*o + 12 = g. Let w(k) = g*k**2 - 4 - 7*k**2 - 8*k**2 + k. Give w(-3).
2
Let h(y) = -y**3 + 11*y**2 + y - 7. Let d(u) = 5*u**3 - 45*u**2 - 5*u + 29. Let o(m) = -2*d(m) - 9*h(m). What is o(-9)?
-4
Let y(a) = -a**2. Let h(s) = -21*s**2 - 21*s + 3. Let f(x) = -6*x**2 - 6*x + 1. Let w(g) = 18*f(g) - 5*h(g). Let n(c) = w(c) - 2*y(c). Calculate n(-5).
-7
Let c(x) = -x**2 + 4*x - 2. Let n be c(5). Let b(a) be the first derivative of a**2/2 + 4*a + 66. Give b(n).
-3
Let c(o) = -5*o + 0*o**3 - 23 + o**3 - 23*o + 37 + 8*o - 3*o**2. Determine c(6).
2
Let z(x) be the second derivative of -14*x + 0 - 1/6*x**3 + x**2. What is z(-2)?
4
Let w(n) = n + 355*n**3 + 1 - n**2 - 1 - 354*n**3 - 5. Let i(m) = -m**2 - 2*m + 3. Let b be i(-3). Calculate w(b).
-5
Let r(q) = -5*q**3 + 2*q**2 - q. Let c be r(1). Let l(z) = -z + 2. Let p(b) = -8*b + 12. Let h(i) = 6*l(i) - p(i). Give h(c).
-8
Let m be (-6 - -17) + (2 - ((-168)/(-6))/4). Let w(u) be the first derivative of -u**4/4 + 5*u**3/3 + 4*u**2 - 6*u - 1. Calculate w(m).
6
Let n(c) = c - 8. Let m(j) = -j + 2. Let r be m(-2). Suppose -r*d = d - 15. Suppose 12 = d*y - y. Give n(y).
-2
Let w(s) be the third derivative of s**6/120 + 7*s**5/60 + s**4/8 - 4*s**3/3 - 749*s**2. Calculate w(-7).
-29
Let s(h) be the third derivative of 1/30*h**5 + 0 + 7*h**2 + 7/24*h**4 + h**3 + 0*h. What is s(-4)?
10
Suppose 2*t + 6 = -6. Let m be (28/(-6))/(4/